t r be 30/8*(-96)/(-18). What is the units digit of t + (r/2 - 2)?
7
Suppose -4*w - 19 = -91. What is the units digit of 66/9*w/4?
3
Let m be (-5)/(5/(-2)) + 26. Let b = m - 19. What is the units digit of b?
9
Suppose -4*y + 621 = -5*x, 5*y - 4*y - 171 = -4*x. What is the hundreds digit of y?
1
Suppose -5*x + 5*k + 3 - 38 = 0, -k = -3*x - 19. Let b(l) = -4*l - 4. Let u be b(-3). Let n = u + x. What is the units digit of n?
2
Suppose -5*q = 20, -3*b - 3*q = -0*q + 6. What is the tens digit of b/3 - (-268)/12?
2
Let g be 20/6 + 12/18. Suppose 76 = g*o - 0*o. What is the tens digit of o?
1
Suppose 3*q - 70 = -7*q. What is the units digit of q?
7
Let o = 2 + 1. What is the units digit of 3*(5 + o - 3)?
5
Let u(a) be the first derivative of -a**4/4 - a**3/3 + a**2 + a + 2. What is the units digit of u(-3)?
3
Suppose -p + o + 50 = 0, -3*p - 4*o + 3*o = -158. Let l = -34 + p. What is the units digit of l?
8
Suppose 2*a + 10 = 2*d, -4*d - 5 = 2*a - 5*d. Suppose a = -2*g - 3*g + 40. What is the units digit of g?
8
Let y = 19 + -13. Let h = y + -5. What is the units digit of h?
1
Suppose 2*u = 15 + 17. Let m = -1 + u. Suppose m = 2*w + 5. What is the units digit of w?
5
Let f = -76 + 266. What is the tens digit of f?
9
Suppose 164 = 3*h - b, 0 = -h + 5*b - 2*b + 68. What is the units digit of h?
3
Suppose -2*u + 7 = -3*u. Let s(j) = j**2 + 4*j - 8. What is the tens digit of s(u)?
1
Let a = -135 - -69. Let r be a/(-9) - 2/6. Let z = r - 1. What is the units digit of z?
6
Let t(b) = -b**3 - 2*b**2 + 3*b. Let j be t(-3). What is the units digit of 1 + (j + -2 - -10)?
9
Let k be (-1 - -2)/1*2. Let q(o) = -o**k - o**3 - 1 - 4*o + 3*o**2 - 1 - 4*o**2. What is the units digit of q(-2)?
6
Suppose 4 = 4*y - 8. Suppose 3*w + 5*q - 19 = 5, 4*q = y*w - 24. What is the units digit of w?
8
Let v(n) = n**3 + 8*n**2 - 6*n + 8. Suppose -a - 24 = -5*m, -2*a + 2*m = a + 33. Let p be v(a). Let u = p - -28. What is the units digit of u?
9
Let c = 3 + 0. Suppose -2*n + c = -5*n. What is the units digit of 2/2 - n*3?
4
Let x = -7 - -18. Let c = -17 + x. What is the units digit of (c/4)/(2/(-4))?
3
Let u be (-257)/(-4) - 2/8. Suppose 4*h + 4*l = 8*h - 52, 4*l = 5*h - u. What is the units digit of h?
2
What is the units digit of 78 + 0 + 1 - 24/(-6)?
3
Suppose -f - f + 46 = 0. Suppose 5*u - f - 28 = -4*t, 2*u = 2*t - 30. What is the tens digit of t?
1
What is the units digit of (-569)/(-2) - 15/30?
4
Suppose 2*s - 16 = -2*s. Let r(o) = -o**2 + 4*o + 7. Let j be r(5). Let a = s - j. What is the units digit of a?
2
Let s be 4/(-10) + (-632)/(-5). What is the units digit of (-5)/(-20) - s/(-8)?
6
Let j = -34 + 2. Let p be j/(-3) - (-1)/3. Suppose p = k + 4*u - 0*u, 4*k + 5*u - 55 = 0. What is the units digit of k?
5
Suppose 1 - 22 = -3*q. What is the units digit of q?
7
Suppose 11 - 1 = -2*l. Let f = l - 0. Let h(x) = -3*x - 7. What is the units digit of h(f)?
8
Let t = 1 + -1. Suppose 2*l = -t*l - 8. What is the units digit of (-2)/(-6) - l/6?
1
Suppose i - 16 = -5*y - 2, 3*y - 5*i + 14 = 0. Suppose o - 27 = -y*o. What is the units digit of o?
9
Suppose -2*i + d + 160 = 0, -3*i + 4*d + d = -254. What is the units digit of i?
8
Suppose -4*h = -5*h - 3. What is the tens digit of h + 21 + 3 + 1?
2
Let b(m) be the first derivative of -6*m**2 - 2. Let s be b(1). Let u = s - -22. What is the units digit of u?
0
Let g(x) be the third derivative of -x**6/120 + x**5/15 + x**4/6 + x**3/3 - 2*x**2. What is the units digit of g(4)?
8
Let j = -2 - -2. Suppose j*a - 68 = -2*o + 2*a, 0 = -4*a + 12. What is the tens digit of o?
3
Suppose -4*m + 36 = 4*p, -5*p + 6*m + 30 = 8*m. What is the units digit of p?
4
Suppose 0*d + 2*d = -2*l + 34, 0 = -4*l + 4*d + 36. What is the tens digit of l?
1
Suppose 2*v - 5*v + 6 = 0. What is the units digit of 3 - 4 - (-14)/v?
6
Let l = -34 - -69. What is the tens digit of l?
3
Let y = 5 + -3. What is the units digit of 4/(-2)*(-9 + y)?
4
Suppose 271 = v - 0*v - 3*m, 5*m = 5*v - 1395. What is the units digit of v?
3
Let s = -3 + 1. Let z = 6 + s. What is the units digit of z?
4
Suppose -3*u + 0*i + 3*i + 87 = 0, 0 = -3*u - 2*i + 92. Suppose 0 = -m + 4*m - u. What is the units digit of m?
0
Suppose -4*n - o = -273, -4*o + 4 = -0. What is the units digit of n?
8
Let n be (2 + 0)*(-18)/4. Let s = n + 20. What is the tens digit of s?
1
Suppose -5*v - 92 = -312. Suppose 3*w + w + 4*a = v, -5*a + 19 = w. What is the units digit of w?
9
Let c(v) = -v. Let z be c(-2). Let r(a) = a**2 + 5*a + 2. Let j be r(-5). Suppose -j = z*x - 8. What is the units digit of x?
3
Let r = -61 - -43. What is the units digit of (r/10)/(3/(-45))?
7
What is the units digit of 322*((-25)/(-10))/5?
1
Let g(t) = 6*t**2 + 2*t + 2. What is the units digit of g(-1)?
6
Suppose -8 = -4*t + 8. What is the units digit of (3 - 0) + 4/t?
4
Suppose 6 = 4*f - 2*f. Let j = f + -1. What is the units digit of j?
2
Suppose -j = 4*m + 5, -m + 5*m = 3*j - 1. What is the units digit of ((-10)/(3 + -1))/m?
5
Let m(x) = 8*x - 11. What is the units digit of m(8)?
3
Let s(n) = 2*n + 0*n - 6 + 3. What is the units digit of s(3)?
3
Let u(d) = -d**2 + 7*d - 2. Let f(w) = -w + 6. Let i be f(4). Let m = 4 + i. What is the units digit of u(m)?
4
Let b = 20 + -11. Let c = b - -3. What is the tens digit of c?
1
Suppose 8*x - 20 = 3*x. Suppose -r + x*r = 84. What is the units digit of r?
8
Let f(w) = -2*w - 28. Let z(u) = u + 19. Let p(y) = 5*f(y) + 7*z(y). Let h be p(-5). What is the tens digit of ((-22)/8)/((-2)/h)?
1
Let i(n) = -276*n + 2. What is the tens digit of i(-1)?
7
Let l be 3/(0 - 6/(-4)). Let v = l + 0. What is the units digit of v?
2
What is the tens digit of 41/2*(-8 - -10)?
4
Suppose 4*q - 16 = -0*q. Let j = q - 1. Suppose 1 = j*w - 8. What is the units digit of w?
3
Let a(w) = -w + 6. Let l be a(5). Let o(b) = 14*b**2 + 3*b - 2. What is the tens digit of o(l)?
1
Let p = 7 + -2. Suppose 0*o = o - p*r - 58, -r = o - 40. What is the units digit of o?
3
Let c = 572 + -295. What is the tens digit of c?
7
Suppose 2*k = 2 + 2. Suppose -5*r + r - 130 = -5*j, 3*j - 110 = -4*r. Suppose c - 13 = 4*c - 5*w, k*w = -5*c + j. What is the units digit of c?
4
Let m(b) = -b - 4. Let s be m(-3). What is the units digit of 1/(6/(-9) - s)?
3
Suppose y = 5*g + 4*y - 345, -4*y = 20. What is the units digit of g?
2
What is the hundreds digit of (-96)/40*140/(-3)?
1
Suppose 4*f + 0*z + z = 100, 0 = -z + 4. What is the tens digit of f?
2
Let r be (-3 - -2)*(-5 + 3). What is the units digit of 63/12 - r/8?
5
Let n be (2 - 2)*(3 + -2). Suppose n*c = c - 1. What is the units digit of (2 + (1 - 1))*c?
2
Let s(v) = -v**3 + 8*v**2 - 5*v - 7. Let m = -6 + 13. What is the units digit of s(m)?
7
Let t = 3 + -4. Let m = t + 4. Suppose -1 - m = 2*i, -4*f = 4*i - 20. What is the units digit of f?
7
Let o = 11 + -8. Let p(j) = 4*j**2 + 8*j - 10. Let z(q) = 11*q**2 + 23*q - 30. Let r(d) = o*z(d) - 8*p(d). What is the units digit of r(-7)?
4
Let k(f) = f**2 + 10*f - 59. What is the units digit of k(-22)?
5
Let m be 33/(-12) + (-6)/(-8). Let u = -5 + 3. What is the units digit of (1/m + u)*-6?
5
Let f(n) = 13*n - 3. Let a be f(3). Suppose 0*q = -2*q + a. What is the tens digit of q?
1
Suppose 4*x + 90 = 3*y, y - 3*y + 3*x + 61 = 0. Suppose 24 + 48 = -4*u. Let o = y + u. What is the units digit of o?
8
Suppose 251 + 79 = 5*i. Suppose 26 = -4*z + i. What is the units digit of (12/10)/(3/z)?
4
Let d be 0 + (7 - (-2 - 1)). Let y(m) = -m**3 + 10*m**2 + 4*m - 14. What is the units digit of y(d)?
6
Let c(f) = f**2 + 9*f + 5. What is the units digit of c(-9)?
5
Let a = 53 - 7. What is the tens digit of a?
4
Let b(t) = 3*t + 2. Let o be b(6). What is the units digit of (-40)/6*(-150)/o?
0
Let t(f) = f**3 + 5*f**2 - 2*f - 2. What is the units digit of t(3)?
4
Let s = 67 - -10. What is the tens digit of s?
7
Suppose 4*i - 151 = -3*w, 0 = -9*w + 6*w + 15. Let a be (22/(-4))/(1/4). Let q = a + i. What is the tens digit of q?
1
Suppose -2 = -3*v + 13. Let s(u) = u**3 - 2*u**2 - 6*u - 4. What is the tens digit of s(v)?
4
Let n(x) = x**3 - 6*x**2 - 9*x + 2. Let p be n(7). What is the units digit of (3/(-6))/(2/p)?
3
Suppose 0*h = -4*u - 4*h + 424, -5*h = -u + 136. What is the units digit of u?
1
Let l = 12 + -9. Suppose -x - l*z = x - 40, 5*x - 100 = 3*z. What 